{"id":59,"date":"2025-07-30T03:52:22","date_gmt":"2025-07-30T03:52:22","guid":{"rendered":"https:\/\/esmirlaconsorcio.com\/?page_id=59"},"modified":"2025-07-30T03:52:22","modified_gmt":"2025-07-30T03:52:22","slug":"sobre-nosotros","status":"publish","type":"page","link":"https:\/\/esmirlaconsorcio.com\/?page_id=59","title":{"rendered":"Sobre Nosotros"},"content":{"rendered":"\n<p>Somos una <strong>empresa de comercio al por menor de partes y refacciones nuevas para autom\u00f3viles<\/strong> que se dedica a <strong>vender directamente al p\u00fablico<\/strong> componentes nuevos que se utilizan en el mantenimiento, reparaci\u00f3n o mejora de veh\u00edculos automotores, como autos, camionetas o SUV.<\/p>\n\n\n\n<h3 class=\"wp-block-heading\">\u2705 <strong>Ofrecemos<\/strong><\/h3>\n\n\n\n<ul class=\"wp-block-list\">\n<li><strong>Partes mec\u00e1nicas nuevas<\/strong>: frenos, amortiguadores, bombas de agua, alternadores, etc.<\/li>\n\n\n\n<li><strong>Refacciones el\u00e9ctricas<\/strong>: bater\u00edas, focos, sensores, m\u00f3dulos electr\u00f3nicos.<\/li>\n\n\n\n<li><strong>Accesorios<\/strong>: limpiaparabrisas, tapetes, fundas de asientos, est\u00e9reos.<\/li>\n\n\n\n<li><strong>Productos de mantenimiento<\/strong>: aceites, lubricantes, refrigerantes, filtros.<\/li>\n\n\n\n<li><strong>Llantas, rines, buj\u00edas, correas<\/strong>, entre muchos otros.<\/li>\n<\/ul>\n","protected":false},"excerpt":{"rendered":"<p>Somos una empresa de comercio al por menor de partes y refacciones nuevas para autom\u00f3viles que se dedica a vender directamente al p\u00fablico componentes nuevos que se utilizan en el mantenimiento, reparaci\u00f3n o mejora de veh\u00edculos automotores, como autos, camionetas o SUV. \u2705 Ofrecemos<\/p>\n","protected":false},"author":1,"featured_media":0,"parent":0,"menu_order":0,"comment_status":"closed","ping_status":"closed","template":"","meta":{"footnotes":""},"class_list":["post-59","page","type-page","status-publish","hentry"],"_links":{"self":[{"href":"https:\/\/esmirlaconsorcio.com\/index.php?rest_route=\/wp\/v2\/pages\/59","targetHints":{"allow":["GET"]}}],"collection":[{"href":"https:\/\/esmirlaconsorcio.com\/index.php?rest_route=\/wp\/v2\/pages"}],"about":[{"href":"https:\/\/esmirlaconsorcio.com\/index.php?rest_route=\/wp\/v2\/types\/page"}],"author":[{"embeddable":true,"href":"https:\/\/esmirlaconsorcio.com\/index.php?rest_route=\/wp\/v2\/users\/1"}],"replies":[{"embeddable":true,"href":"https:\/\/esmirlaconsorcio.com\/index.php?rest_route=%2Fwp%2Fv2%2Fcomments&post=59"}],"version-history":[{"count":1,"href":"https:\/\/esmirlaconsorcio.com\/index.php?rest_route=\/wp\/v2\/pages\/59\/revisions"}],"predecessor-version":[{"id":60,"href":"https:\/\/esmirlaconsorcio.com\/index.php?rest_route=\/wp\/v2\/pages\/59\/revisions\/60"}],"wp:attachment":[{"href":"https:\/\/esmirlaconsorcio.com\/index.php?rest_route=%2Fwp%2Fv2%2Fmedia&parent=59"}],"curies":[{"name":"wp","href":"https:\/\/api.w.org\/{rel}","templated":true}]}}